{"id":3256,"date":"2020-11-26T21:40:40","date_gmt":"2020-11-26T21:40:40","guid":{"rendered":"https:\/\/handybizuteria.pl\/?page_id=3256"},"modified":"2020-11-27T18:35:22","modified_gmt":"2020-11-27T18:35:22","slug":"termin-i-koszt-dostawy","status":"publish","type":"page","link":"https:\/\/handybizuteria.pl\/index.php\/termin-i-koszt-dostawy\/","title":{"rendered":"Termin i koszt dostawy"},"content":{"rendered":"\n<ul class=\"wp-block-list\"><li>Standardowy czas dostawy zale\u017cy od wyboru formy wysy\u0142ki. Wysy\u0142ka zakupionego towaru nast\u0119puje w terminie do 3\u00a0dni roboczych od momentu zaksi\u0119gowania \u015brodk\u00f3w na rachunku bankowym Firmy Agnieszka Laufer (dotyczy Zam\u00f3wie\u0144 z form\u0105 zap\u0142aty z g\u00f3ry) lub z\u0142o\u017cenia Zam\u00f3wienia przez Klienta z form\u0105 zap\u0142aty przy odbiorze przesy\u0142ki pobraniowej.<\/li><li>Wyj\u0105tek stanowi sytuacja, gdy Klient poprosi\u0142 o zmiany w produkcie (np. wymiana zapi\u0119cia), w\u00f3wczas wysy\u0142ka nast\u0105pi po dokonaniu zmian, w uzgodnionym z Klientem czasie.<\/li><li>Czas realizacji zam\u00f3wienia mo\u017ce si\u0119 r\u00f3wnie\u017c wyd\u0142u\u017cy\u0107 z przyczyn le\u017c\u0105cych po stronie dostawc\u00f3w lub w przypadku wyj\u0105tkowo du\u017cej ilo\u015bci zam\u00f3wie\u0144 (np. w okresie \u015awi\u0105tecznym)<\/li><\/ul>\n\n\n\n<figure class=\"wp-block-table is-style-regular\"><table class=\"has-subtle-light-gray-background-color has-background\"><thead><tr><th>Spos\u00f3b wysy\u0142ki<\/th><th class=\"has-text-align-center\" data-align=\"center\">P\u0142atno\u015b\u0107 on-line<\/th><th class=\"has-text-align-center\" data-align=\"center\">P\u0142atno\u015b\u0107 przy odbiorze<\/th><\/tr><\/thead><tbody><tr><td>Poczta Polska \u2013 List polecony ekonomiczny<\/td><td class=\"has-text-align-center\" data-align=\"center\">8 z\u0142<\/td><td class=\"has-text-align-center\" data-align=\"center\">&#8211;<\/td><\/tr><tr><td>Poczta Polska \u2013 List polecony priorytetowy<\/td><td class=\"has-text-align-center\" data-align=\"center\">10 z\u0142<\/td><td class=\"has-text-align-center\" data-align=\"center\">&#8211;<\/td><\/tr><tr><td>Kurier<\/td><td class=\"has-text-align-center\" data-align=\"center\">20 z\u0142<\/td><td class=\"has-text-align-center\" data-align=\"center\">25 z\u0142<\/td><\/tr><tr><td>Paczkomaty InPost<\/td><td class=\"has-text-align-center\" data-align=\"center\">10 z\u0142<\/td><td class=\"has-text-align-center\" data-align=\"center\">15 z\u0142<\/td><\/tr><tr><td>Odbi\u00f3r osobisty<\/td><td class=\"has-text-align-center\" data-align=\"center\">0 z\u0142<br>wy\u0142\u0105cznie po wcze\u015bniejszym uzgodnieniu<\/td><td class=\"has-text-align-center\" data-align=\"center\">0 z\u0142<br>wy\u0142\u0105cznie po wcze\u015bniejszym uzgodnieniu<\/td><\/tr><\/tbody><\/table><\/figure>\n\n\n\n<p><br><strong><span class=\"has-inline-color has-vivid-red-color\">Przy zakupach powy\u017cej 100z\u0142 przesy\u0142ka Poczt\u0105 Polsk\u0105 \u2013 GRATIS<\/span><\/strong><\/p>\n\n\n\n<p><strong><span class=\"has-inline-color has-vivid-red-color\">Przy zakupach powy\u017cej 300z\u0142 przesy\u0142ka do Paczkomatu lub Kurierem &#8211; GRATIS<\/span><\/strong><\/p>\n\n\n\n<p>Pozosta\u0142e zasady dostawy znajduj\u0105 si\u0119 w <a href=\"https:\/\/handybizuteria.pl\/index.php\/regulamin\/\">Regulaminie sklepu.<\/a><\/p>\n","protected":false},"excerpt":{"rendered":"<p>Standardowy czas dostawy zale\u017cy od wyboru formy wysy\u0142ki. Wysy\u0142ka zakupionego towaru nast\u0119puje w terminie do 3\u00a0dni roboczych od momentu zaksi\u0119gowania \u015brodk\u00f3w na rachunku bankowym Firmy Agnieszka Laufer (dotyczy Zam\u00f3wie\u0144 z form\u0105 zap\u0142aty z g\u00f3ry) lub z\u0142o\u017cenia Zam\u00f3wienia przez Klienta z form\u0105 zap\u0142aty przy odbiorze przesy\u0142ki pobraniowej. Wyj\u0105tek stanowi sytuacja, gdy Klient poprosi\u0142 o zmiany w &hellip;<\/p>\n<p class=\"read-more\"> <a class=\"\" href=\"https:\/\/handybizuteria.pl\/index.php\/termin-i-koszt-dostawy\/\"> <span class=\"screen-reader-text\">Termin i koszt dostawy<\/span> Czytaj dalej &raquo;<\/a><\/p>\n","protected":false},"author":2,"featured_media":0,"parent":0,"menu_order":0,"comment_status":"closed","ping_status":"closed","template":"","meta":{"_uag_custom_page_level_css":"","site-sidebar-layout":"default","site-content-layout":"default","ast-global-header-display":"","ast-banner-title-visibility":"","ast-main-header-display":"","ast-hfb-above-header-display":"","ast-hfb-below-header-display":"","ast-hfb-mobile-header-display":"","site-post-title":"","ast-breadcrumbs-content":"","ast-featured-img":"","footer-sml-layout":"","theme-transparent-header-meta":"default","adv-header-id-meta":"","stick-header-meta":"","header-above-stick-meta":"","header-main-stick-meta":"","header-below-stick-meta":"","footnotes":""},"class_list":["post-3256","page","type-page","status-publish","hentry"],"yoast_head":"<!-- This site is optimized with the Yoast SEO plugin v26.3 - https:\/\/yoast.com\/wordpress\/plugins\/seo\/ -->\n<title>Termin i koszt dostawy - handybizuteria.pl - sklep z r\u0119cznie robion\u0105 bi\u017cuteri\u0105<\/title>\n<meta name=\"robots\" content=\"index, follow, max-snippet:-1, max-image-preview:large, max-video-preview:-1\" \/>\n<link rel=\"canonical\" href=\"https:\/\/handybizuteria.pl\/index.php\/termin-i-koszt-dostawy\/\" \/>\n<meta property=\"og:locale\" content=\"pl_PL\" \/>\n<meta property=\"og:type\" content=\"article\" \/>\n<meta property=\"og:title\" content=\"Termin i koszt dostawy - handybizuteria.pl - sklep z r\u0119cznie robion\u0105 bi\u017cuteri\u0105\" \/>\n<meta property=\"og:description\" content=\"Standardowy czas dostawy zale\u017cy od wyboru formy wysy\u0142ki. Wysy\u0142ka zakupionego towaru nast\u0119puje w terminie do 3\u00a0dni roboczych od momentu zaksi\u0119gowania \u015brodk\u00f3w na rachunku bankowym Firmy Agnieszka Laufer (dotyczy Zam\u00f3wie\u0144 z form\u0105 zap\u0142aty z g\u00f3ry) lub z\u0142o\u017cenia Zam\u00f3wienia przez Klienta z form\u0105 zap\u0142aty przy odbiorze przesy\u0142ki pobraniowej. Wyj\u0105tek stanowi sytuacja, gdy Klient poprosi\u0142 o zmiany w &hellip; Termin i koszt dostawy Czytaj dalej &raquo;\" \/>\n<meta property=\"og:url\" content=\"https:\/\/handybizuteria.pl\/index.php\/termin-i-koszt-dostawy\/\" \/>\n<meta property=\"og:site_name\" content=\"handybizuteria.pl - sklep z r\u0119cznie robion\u0105 bi\u017cuteri\u0105\" \/>\n<meta property=\"article:modified_time\" content=\"2020-11-27T18:35:22+00:00\" \/>\n<meta name=\"twitter:card\" content=\"summary_large_image\" \/>\n<meta name=\"twitter:label1\" content=\"Szacowany czas czytania\" \/>\n\t<meta name=\"twitter:data1\" content=\"1 minuta\" \/>\n<script type=\"application\/ld+json\" class=\"yoast-schema-graph\">{\"@context\":\"https:\/\/schema.org\",\"@graph\":[{\"@type\":\"WebPage\",\"@id\":\"https:\/\/handybizuteria.pl\/index.php\/termin-i-koszt-dostawy\/\",\"url\":\"https:\/\/handybizuteria.pl\/index.php\/termin-i-koszt-dostawy\/\",\"name\":\"Termin i koszt dostawy - handybizuteria.pl - sklep z r\u0119cznie robion\u0105 bi\u017cuteri\u0105\",\"isPartOf\":{\"@id\":\"https:\/\/handybizuteria.pl\/#website\"},\"datePublished\":\"2020-11-26T21:40:40+00:00\",\"dateModified\":\"2020-11-27T18:35:22+00:00\",\"breadcrumb\":{\"@id\":\"https:\/\/handybizuteria.pl\/index.php\/termin-i-koszt-dostawy\/#breadcrumb\"},\"inLanguage\":\"pl-PL\",\"potentialAction\":[{\"@type\":\"ReadAction\",\"target\":[\"https:\/\/handybizuteria.pl\/index.php\/termin-i-koszt-dostawy\/\"]}]},{\"@type\":\"BreadcrumbList\",\"@id\":\"https:\/\/handybizuteria.pl\/index.php\/termin-i-koszt-dostawy\/#breadcrumb\",\"itemListElement\":[{\"@type\":\"ListItem\",\"position\":1,\"name\":\"Strona g\u0142\u00f3wna\",\"item\":\"https:\/\/handybizuteria.pl\/\"},{\"@type\":\"ListItem\",\"position\":2,\"name\":\"Termin i koszt dostawy\"}]},{\"@type\":\"WebSite\",\"@id\":\"https:\/\/handybizuteria.pl\/#website\",\"url\":\"https:\/\/handybizuteria.pl\/\",\"name\":\"handybizuteria.pl - sklep z r\u0119cznie robion\u0105 bi\u017cuteri\u0105\",\"description\":\"handybizuteria.pl - sklep z r\u0119cznie robion\u0105 bi\u017cuteri\u0105\",\"publisher\":{\"@id\":\"https:\/\/handybizuteria.pl\/#organization\"},\"potentialAction\":[{\"@type\":\"SearchAction\",\"target\":{\"@type\":\"EntryPoint\",\"urlTemplate\":\"https:\/\/handybizuteria.pl\/?s={search_term_string}\"},\"query-input\":{\"@type\":\"PropertyValueSpecification\",\"valueRequired\":true,\"valueName\":\"search_term_string\"}}],\"inLanguage\":\"pl-PL\"},{\"@type\":\"Organization\",\"@id\":\"https:\/\/handybizuteria.pl\/#organization\",\"name\":\"handybizuteria.pl - sklep z r\u0119cznie robion\u0105 bi\u017cuteri\u0105\",\"url\":\"https:\/\/handybizuteria.pl\/\",\"logo\":{\"@type\":\"ImageObject\",\"inLanguage\":\"pl-PL\",\"@id\":\"https:\/\/handybizuteria.pl\/#\/schema\/logo\/image\/\",\"url\":\"https:\/\/handybizuteria.pl\/wp-content\/uploads\/2020\/08\/cropped-handy-logo-full-black.png\",\"contentUrl\":\"https:\/\/handybizuteria.pl\/wp-content\/uploads\/2020\/08\/cropped-handy-logo-full-black.png\",\"width\":2379,\"height\":1605,\"caption\":\"handybizuteria.pl - sklep z r\u0119cznie robion\u0105 bi\u017cuteri\u0105\"},\"image\":{\"@id\":\"https:\/\/handybizuteria.pl\/#\/schema\/logo\/image\/\"}}]}<\/script>\n<!-- \/ Yoast SEO plugin. -->","yoast_head_json":{"title":"Termin i koszt dostawy - handybizuteria.pl - sklep z r\u0119cznie robion\u0105 bi\u017cuteri\u0105","robots":{"index":"index","follow":"follow","max-snippet":"max-snippet:-1","max-image-preview":"max-image-preview:large","max-video-preview":"max-video-preview:-1"},"canonical":"https:\/\/handybizuteria.pl\/index.php\/termin-i-koszt-dostawy\/","og_locale":"pl_PL","og_type":"article","og_title":"Termin i koszt dostawy - handybizuteria.pl - sklep z r\u0119cznie robion\u0105 bi\u017cuteri\u0105","og_description":"Standardowy czas dostawy zale\u017cy od wyboru formy wysy\u0142ki. Wysy\u0142ka zakupionego towaru nast\u0119puje w terminie do 3\u00a0dni roboczych od momentu zaksi\u0119gowania \u015brodk\u00f3w na rachunku bankowym Firmy Agnieszka Laufer (dotyczy Zam\u00f3wie\u0144 z form\u0105 zap\u0142aty z g\u00f3ry) lub z\u0142o\u017cenia Zam\u00f3wienia przez Klienta z form\u0105 zap\u0142aty przy odbiorze przesy\u0142ki pobraniowej. Wyj\u0105tek stanowi sytuacja, gdy Klient poprosi\u0142 o zmiany w &hellip; Termin i koszt dostawy Czytaj dalej &raquo;","og_url":"https:\/\/handybizuteria.pl\/index.php\/termin-i-koszt-dostawy\/","og_site_name":"handybizuteria.pl - sklep z r\u0119cznie robion\u0105 bi\u017cuteri\u0105","article_modified_time":"2020-11-27T18:35:22+00:00","twitter_card":"summary_large_image","twitter_misc":{"Szacowany czas czytania":"1 minuta"},"schema":{"@context":"https:\/\/schema.org","@graph":[{"@type":"WebPage","@id":"https:\/\/handybizuteria.pl\/index.php\/termin-i-koszt-dostawy\/","url":"https:\/\/handybizuteria.pl\/index.php\/termin-i-koszt-dostawy\/","name":"Termin i koszt dostawy - handybizuteria.pl - sklep z r\u0119cznie robion\u0105 bi\u017cuteri\u0105","isPartOf":{"@id":"https:\/\/handybizuteria.pl\/#website"},"datePublished":"2020-11-26T21:40:40+00:00","dateModified":"2020-11-27T18:35:22+00:00","breadcrumb":{"@id":"https:\/\/handybizuteria.pl\/index.php\/termin-i-koszt-dostawy\/#breadcrumb"},"inLanguage":"pl-PL","potentialAction":[{"@type":"ReadAction","target":["https:\/\/handybizuteria.pl\/index.php\/termin-i-koszt-dostawy\/"]}]},{"@type":"BreadcrumbList","@id":"https:\/\/handybizuteria.pl\/index.php\/termin-i-koszt-dostawy\/#breadcrumb","itemListElement":[{"@type":"ListItem","position":1,"name":"Strona g\u0142\u00f3wna","item":"https:\/\/handybizuteria.pl\/"},{"@type":"ListItem","position":2,"name":"Termin i koszt dostawy"}]},{"@type":"WebSite","@id":"https:\/\/handybizuteria.pl\/#website","url":"https:\/\/handybizuteria.pl\/","name":"handybizuteria.pl - sklep z r\u0119cznie robion\u0105 bi\u017cuteri\u0105","description":"handybizuteria.pl - sklep z r\u0119cznie robion\u0105 bi\u017cuteri\u0105","publisher":{"@id":"https:\/\/handybizuteria.pl\/#organization"},"potentialAction":[{"@type":"SearchAction","target":{"@type":"EntryPoint","urlTemplate":"https:\/\/handybizuteria.pl\/?s={search_term_string}"},"query-input":{"@type":"PropertyValueSpecification","valueRequired":true,"valueName":"search_term_string"}}],"inLanguage":"pl-PL"},{"@type":"Organization","@id":"https:\/\/handybizuteria.pl\/#organization","name":"handybizuteria.pl - sklep z r\u0119cznie robion\u0105 bi\u017cuteri\u0105","url":"https:\/\/handybizuteria.pl\/","logo":{"@type":"ImageObject","inLanguage":"pl-PL","@id":"https:\/\/handybizuteria.pl\/#\/schema\/logo\/image\/","url":"https:\/\/handybizuteria.pl\/wp-content\/uploads\/2020\/08\/cropped-handy-logo-full-black.png","contentUrl":"https:\/\/handybizuteria.pl\/wp-content\/uploads\/2020\/08\/cropped-handy-logo-full-black.png","width":2379,"height":1605,"caption":"handybizuteria.pl - sklep z r\u0119cznie robion\u0105 bi\u017cuteri\u0105"},"image":{"@id":"https:\/\/handybizuteria.pl\/#\/schema\/logo\/image\/"}}]}},"uagb_featured_image_src":{"full":false,"thumbnail":false,"medium":false,"medium_large":false,"large":false,"1536x1536":false,"2048x2048":false,"woocommerce_thumbnail":false,"woocommerce_single":false,"woocommerce_gallery_thumbnail":false},"uagb_author_info":{"display_name":"Aga Laufer","author_link":"https:\/\/handybizuteria.pl\/index.php\/author\/alaufer\/"},"uagb_comment_info":0,"uagb_excerpt":"Standardowy czas dostawy zale\u017cy od wyboru formy wysy\u0142ki. Wysy\u0142ka zakupionego towaru nast\u0119puje w terminie do 3\u00a0dni roboczych od momentu zaksi\u0119gowania \u015brodk\u00f3w na rachunku bankowym Firmy Agnieszka Laufer (dotyczy Zam\u00f3wie\u0144 z form\u0105 zap\u0142aty z g\u00f3ry) lub z\u0142o\u017cenia Zam\u00f3wienia przez Klienta z form\u0105 zap\u0142aty przy odbiorze przesy\u0142ki pobraniowej. Wyj\u0105tek stanowi sytuacja, gdy Klient poprosi\u0142 o zmiany w&hellip;","_links":{"self":[{"href":"https:\/\/handybizuteria.pl\/index.php\/wp-json\/wp\/v2\/pages\/3256","targetHints":{"allow":["GET"]}}],"collection":[{"href":"https:\/\/handybizuteria.pl\/index.php\/wp-json\/wp\/v2\/pages"}],"about":[{"href":"https:\/\/handybizuteria.pl\/index.php\/wp-json\/wp\/v2\/types\/page"}],"author":[{"embeddable":true,"href":"https:\/\/handybizuteria.pl\/index.php\/wp-json\/wp\/v2\/users\/2"}],"replies":[{"embeddable":true,"href":"https:\/\/handybizuteria.pl\/index.php\/wp-json\/wp\/v2\/comments?post=3256"}],"version-history":[{"count":11,"href":"https:\/\/handybizuteria.pl\/index.php\/wp-json\/wp\/v2\/pages\/3256\/revisions"}],"predecessor-version":[{"id":3291,"href":"https:\/\/handybizuteria.pl\/index.php\/wp-json\/wp\/v2\/pages\/3256\/revisions\/3291"}],"wp:attachment":[{"href":"https:\/\/handybizuteria.pl\/index.php\/wp-json\/wp\/v2\/media?parent=3256"}],"curies":[{"name":"wp","href":"https:\/\/api.w.org\/{rel}","templated":true}]}}